f 22936 and 18?
2
What is the highest common factor of 2557791 and 27?
27
What is the highest common divisor of 2383788 and 66?
66
Calculate the highest common factor of 155955 and 15.
15
Calculate the highest common factor of 918 and 49674.
102
Calculate the highest common divisor of 3020 and 38656.
604
Calculate the greatest common factor of 382 and 564787.
191
What is the highest common factor of 3 and 209293?
1
What is the highest common divisor of 440 and 7348?
44
What is the highest common divisor of 8500 and 284500?
500
Calculate the greatest common factor of 442 and 6487.
13
Calculate the highest common divisor of 1838 and 206.
2
What is the highest common factor of 1587 and 2975625?
1587
Calculate the greatest common divisor of 506 and 6204.
22
Calculate the highest common divisor of 26 and 24583.
13
What is the highest common divisor of 8265327 and 21?
21
What is the highest common factor of 32065 and 33920?
265
What is the highest common divisor of 4165 and 138635?
595
What is the greatest common divisor of 248 and 36115?
31
Calculate the greatest common divisor of 453915 and 120.
15
Calculate the highest common factor of 6056609 and 39.
13
Calculate the greatest common factor of 214 and 5853756.
214
What is the greatest common factor of 2904 and 134673?
363
What is the greatest common divisor of 9000 and 28080?
360
What is the greatest common divisor of 1617 and 2673?
33
Calculate the greatest common factor of 219379 and 431.
431
What is the highest common factor of 4908 and 60?
12
Calculate the highest common divisor of 894 and 1719.
3
Calculate the highest common factor of 89485 and 275.
55
What is the greatest common factor of 56 and 673666?
14
Calculate the highest common divisor of 53552 and 40.
8
Calculate the greatest common factor of 5890 and 13330.
310
What is the highest common divisor of 6675 and 435?
15
Calculate the greatest common factor of 30 and 271300.
10
Calculate the greatest common divisor of 184 and 20907.
23
Calculate the greatest common divisor of 15732 and 358524.
828
What is the highest common factor of 116 and 5788?
4
Calculate the highest common factor of 1204 and 42.
14
Calculate the highest common factor of 934083 and 72.
9
What is the greatest common divisor of 16523 and 25792?
403
Calculate the highest common factor of 1426 and 496.
62
What is the greatest common factor of 46 and 2242?
2
Calculate the greatest common divisor of 386 and 573982.
386
Calculate the highest common factor of 1227 and 15542.
409
Calculate the greatest common factor of 84576 and 656.
16
What is the greatest common divisor of 10437 and 37488?
213
Calculate the greatest common factor of 418 and 105982.
38
Calculate the highest common factor of 38997 and 126.
63
What is the greatest common divisor of 868 and 4368?
28
Calculate the highest common factor of 255269 and 7.
7
Calculate the highest common divisor of 11473 and 1103047.
1639
What is the highest common factor of 469683 and 3933?
207
Calculate the greatest common factor of 115 and 25783.
23
What is the highest common divisor of 118668 and 248?
124
Calculate the highest common factor of 8021 and 2392.
13
What is the highest common divisor of 28 and 41006?
14
What is the greatest common factor of 51832 and 132?
44
Calculate the highest common factor of 4284 and 10332.
252
Calculate the greatest common divisor of 1617 and 301.
7
Calculate the highest common divisor of 393516 and 153.
153
Calculate the greatest common divisor of 5863 and 6864.
143
Calculate the greatest common divisor of 494 and 246506.
494
What is the highest common factor of 528 and 171006?
66
What is the greatest common divisor of 47 and 18283?
47
What is the highest common factor of 12160 and 3610?
190
What is the highest common divisor of 1089 and 5973?
33
What is the highest common divisor of 650 and 56446?
26
Calculate the greatest common factor of 56906 and 74.
74
Calculate the greatest common factor of 8 and 82.
2
What is the highest common divisor of 75405 and 914?
457
What is the highest common factor of 2132 and 7708?
164
Calculate the highest common divisor of 157707 and 297.
297
Calculate the greatest common divisor of 318416 and 504.
56
What is the highest common factor of 744 and 89528?
248
Calculate the greatest common factor of 1982576 and 64.
16
What is the greatest common factor of 348268 and 664?
332
Calculate the greatest common divisor of 303051 and 105.
21
Calculate the highest common divisor of 95 and 555218.
19
Calculate the highest common factor of 322 and 14789.
23
What is the highest common factor of 62479 and 731?
43
What is the highest common factor of 189 and 1318653?
189
Calculate the greatest common divisor of 7809 and 741.
57
Calculate the highest common factor of 905 and 44888.
181
What is the greatest common factor of 353007 and 9?
9
What is the greatest common factor of 5175 and 3225?
75
Calculate the highest common divisor of 273388 and 164.
164
What is the greatest common factor of 303236 and 246?
82
What is the highest common divisor of 1944426 and 306?
102
What is the greatest common factor of 1596 and 3363?
57
Calculate the highest common factor of 1671488 and 1312.
1312
What is the greatest common divisor of 9509992 and 548?
548
What is the greatest common factor of 416 and 80574?
26
Calculate the greatest common factor of 25 and 30295.
5
What is the greatest common divisor of 509299 and 217?
217
What is the greatest common divisor of 219009 and 14?
7
What is the greatest common factor of 159980 and 200?
20
What is the greatest common divisor of 1595 and 61765?
55
What is the greatest common divisor of 1054403 and 217?
217
What is the highest common factor of 260 and 6940?
20
What is the greatest common factor of 9 and 1268847?
9
What is the highest common divisor of 43 and 21696596?
43
What is the greatest common factor of 141 and 2247?
3
Calculate the greatest common factor of 155107 and 2725.
109
Calculate the highest common divisor of 98 and 12369070.
98
Calculate the greatest common divisor of 714 and 42063.
21
What is the greatest common divisor of 1110152 and 4?
4
Calculate the greatest common divisor of 108 and 2696.
4
Calculate the greatest common factor of 867 and 892432.
289
Calculate the highest common divisor of 19 and 578531.
19
Calculate the greatest common divisor of 11521 and 562.
281
Calculate the highest common factor of 187529 and 277.
277
Calculate the highest common divisor of 825 and 664785.
165
What is the highest common divisor of 208754 and 546?
182
What is the greatest common factor of 6075 and 7725?
75
Calculate the highest common divisor of 181511 and 319.
319
Calculate the greatest common divisor of 595 and 180166.
119
What is the greatest common factor of 95 and 186029?
19
What is the highest common factor of 220 and 16090?
10
Calculate the greatest common divisor of 4867 and 9263.
157
Calculate the highest common factor of 256 and 164096.
256
What is the highest common divisor of 11216 and 176?
16
Calculate the highest common divisor of 554 and 716599.
277
Calculate the greatest common divisor of 1794 and 510393.
897
What is the greatest common factor of 177898 and 388?
194
Calculate the greatest common factor of 16113 and 14541.
393
Calculate the highest common factor of 645579 and 132.
33
Calculate the greatest common factor of 363 and 193611.
33
What is the greatest common divisor of 4150 and 2975?
25
Calculate the greatest common divisor of 77 and 49379.
11
What is the greatest common divisor of 9202 and 344?
86
What is the highest common divisor of 127224 and 186?
186
What is the greatest common divisor of 30197 and 3?
1
What is the greatest common divisor of 10 and 251130?
10
What is the greatest common factor of 4 and 897922?
2
What is the highest common factor of 195243 and 3?
3
What is the highest common divisor of 6015 and 15810?
15
What is the highest common factor of 94 and 4982?
94
What is the highest common factor of 13156 and 103532?
572
What is the highest common divisor of 191887 and 15425?
617
Calculate the greatest common factor of 160 and 221360.
80
Calculate the greatest common divisor of 5782 and 56546.
98
Calculate the greatest common divisor of 398 and 13658962.
398
Calculate the highest common factor of 8